 = m. Is y a composite number?
False
Is (-1)/(-5 + 159534/31907) a prime number?
True
Let t be 293538/63 + (-4)/(-6). Is ((-3)/(-2))/(10/t) a composite number?
True
Let r(w) be the second derivative of -95*w**3/6 - 11*w**2/2 - 2*w. Let d = -721 + 718. Is r(d) composite?
True
Let a(f) = 4238*f + 687. Is a(43) a composite number?
False
Suppose -2*p = -2*f + f + 36, -3*f - 2*p = -76. Let k be (607/(-2))/((-14)/f). Suppose -k = -z + 4*u - u, z = 4*u + 605. Is z a prime number?
True
Suppose -9*r = -6*r - 6. Suppose 8*c = r*c + 12. Suppose 5*q - 178 = c*w - 3*w, 4*w + 3*q = 644. Is w a composite number?
True
Let p = -699309 + 1797607. Is p a prime number?
False
Suppose 5*o + 159*n - 2563050 = 154*n, 6*o - 3*n - 3075651 = 0. Is o prime?
True
Let k(r) = -8164*r + 2779. Is k(-6) composite?
True
Suppose -19*a = -35290 - 54219. Is a a prime number?
False
Suppose 0 = -q + 5*q + 48. Let l be 7348/10 + q/15. Let w = l - -801. Is w composite?
True
Let q = 122949 - -34444. Is q a composite number?
False
Let o(m) = 5*m + 30. Let y be o(-13). Let i be -9790*(38/28 + (-5)/y). Is (-1)/(-7) - (i/7 - 1) a composite number?
False
Let s be (-3793209)/(-126) - (-10)/(-12). Suppose 3*m = k - s, -3*k - 2*m + 77334 = -12923. Is k a composite number?
False
Suppose -17*k + 190 = -19*k. Suppose -8 - 2 = -5*a. Let q = a - k. Is q a composite number?
False
Let l(c) = 31457*c**2 - 73*c - 633. Is l(-5) prime?
False
Is (-589930)/(-22) + -14*1 a prime number?
True
Let h be (-2)/4*-1 - (-21269)/2. Suppose 2*l - h = -3*j, 10*j = 6*j + 5*l + 14157. Is j a prime number?
False
Let t(g) = 31*g**3 + 3*g**2 - 1. Let q(i) = 32*i**3 + 4*i**2 + i - 3. Let b(s) = -3*q(s) + 4*t(s). Is b(2) a composite number?
False
Let h = 88 + -86. Let y be h + 4/(4/(-8)*4). Suppose y = 3*l - 11035 + 268. Is l composite?
True
Suppose 3*k - 6*k + 3*i + 7071 = 0, 20 = -5*i. Suppose -k = 5*v - 868. Let q = v + 616. Is q a prime number?
False
Let s(p) = 3*p**3 - 18*p**2 - 20*p + 24. Is s(7) composite?
False
Let v(l) = -l**3 - 6*l**2 - l + 3. Suppose 0 = 2*k - 11*k - 18. Let u be v(k). Let o(i) = -99*i - 8. Is o(u) prime?
False
Suppose -4*p = -5*w - 945307, -4*p - 3*w + 945298 = -5*w. Is p composite?
False
Let d be ((366/4)/(-3))/(1/(-2)). Let g = d - 57. Suppose -2*v - 1057 + 15 = -g*j, -1335 = -5*j - 4*v. Is j a composite number?
False
Let z be 20/12*(7 + -4). Suppose 3*t + 11 = 2*u, 21 = -u + 5*u - z*t. Suppose 1559 = q + 2*d, -6*d + 6221 = u*q - 3*d. Is q composite?
False
Suppose 2*h = -h + 27. Suppose -k + n - 9 - h = 0, 4*n = 5*k + 89. Is (-90)/(-9)*k/(-2) prime?
False
Suppose 7*l - 4295 = 173148. Is 14/(-140)*-1*10*l composite?
False
Let l(g) = -g**3 - 14*g**2 - 13*g. Let x be (-4)/(-6) - (3 + (-64)/(-6)). Let w be l(x). Suppose 0 = 5*t - w*t - 4445. Is t prime?
False
Suppose -2*l = -6*l - 3*g - 231, -2*l + 4*g = 132. Is (3615 + -2)/((-12)/l) a prime number?
False
Is (10/6 - 106489570/(-1155)) + (-12)/(-21) a composite number?
True
Suppose 45 = 4*t + n, -3*t + 80 = 5*n + 25. Is 287/(-28) + t + 340266/8 prime?
True
Suppose 5*x = -2*u + 41, -5*u = -15 - 0. Suppose x*m + 3*m = 4430. Is m prime?
True
Let i(x) = 6460*x - 2857. Is i(14) a prime number?
True
Let j = -14 + 11. Let d be (1774 + 0)/(j + 4). Suppose i = 3*i - d. Is i composite?
False
Let h(c) = -c + 12. Let w be h(-16). Let o = 34 + w. Suppose 1650 = 4*u + o. Is u a composite number?
False
Suppose -2035 - 269 = -3*r. Let m = 2111 - r. Is m prime?
False
Let y(k) = 154*k + 2773. Is y(105) a prime number?
False
Let m(n) = -n**3 - 78*n**2 - 51*n - 773. Let v be m(-77). Let w = 13 + -41. Is 8/w - v/35 composite?
False
Suppose 23*c - 1306872 = 63*c - 6766672. Is c a composite number?
True
Suppose 0 = 7*i - 5*i + 10. Let n(y) = -y - 1. Let l be n(i). Suppose -l*p = -p - 4971. Is p a composite number?
False
Let y be (-8)/12*-3*2. Suppose 0 = -m + 2*l - 4, 3*m - y*l + 3 = -l. Suppose w + 4*w = -5*k + 1250, m*k = -w + 503. Is k composite?
True
Let n(c) = -2*c**2 + 107*c + 49. Let u be n(35). Suppose -u = -a + 5717. Is a a composite number?
True
Suppose 4*p = -u + 747520, u = 5 - 9. Is p a composite number?
True
Suppose 7 = -o + 6, -2*w - 3*o - 3 = 0. Suppose 3*t + s - 14292 = w, 0 = t - 0*t + 5*s - 4750. Is t a composite number?
True
Let r(w) = 2032*w + 144. Let y be r(6). Suppose y + 35537 = 7*m. Is m prime?
False
Let v = 728 + -728. Suppose 0 = 4*t + 3*c - 19854 - 230, v = -2*c. Is t prime?
True
Let s(q) = -q**3 - q**2 + 1362. Let c be s(0). Let z = 555 - 1030. Let f = c + z. Is f a prime number?
True
Let k = -219173 - -111968. Let x = 191560 + k. Is x prime?
False
Let t be (-3)/(60/(-2315))*(-1 + 5). Let r = -210 + t. Is r a composite number?
True
Is (2313008/12)/((-228)/(-171)) a composite number?
False
Suppose h - 37 = -5*s - 0*h, 4*h = s + 1. Is 5194/s + 1/1 a composite number?
False
Let n = 217684 - 87026. Suppose -9*w + 31*w = n. Is w prime?
True
Let r = -5555 - -8076. Suppose -s + r = -4038. Is s prime?
False
Let o(b) = -47818*b + 361. Is o(-15) prime?
True
Let b = 9 + -10. Let m be (4 + 0)/(b*1/(-1)). Is 3/((-24)/(-2642)) + 3/m a composite number?
False
Suppose -258*i + 19390141 = 125*i. Is i composite?
False
Let q = -102 + 106. Let x(b) = -q + 1 + b**2 + 2*b + b + 438*b**3. Is x(2) a prime number?
True
Suppose 2*l + 24658 = 5*l + 5*d, 0 = -3*d + 6. Suppose 0 = -b + 5*f + 2073, -9*b - f = -13*b + l. Is b a composite number?
False
Suppose -2*x - 27457 = -3*o, x - 9192 = -2*o + 9122. Is o composite?
True
Suppose -5*h = -5*w + 130530, 130467 = -71*w + 76*w + 4*h. Is w prime?
True
Is 320/(-400) - (-1842598)/10 prime?
True
Let l = 112901 - 58720. Is l prime?
True
Suppose 0*z = -4*z - 4*c + 12, 0 = -5*c + 5. Suppose -3*x + z*y + 3751 + 5595 = 0, 5*y + 12466 = 4*x. Suppose -x = -0*j - 9*j. Is j prime?
False
Suppose -18*h = -269 - 361. Suppose -h*v - 117073 = -46*v. Is v a prime number?
False
Let l(k) = 5*k**2 - 431*k + 1075. Let v be l(86). Let h(r) = -4*r**3 - r. Let s be h(-1). Suppose v = s*w - 6686. Is w a prime number?
False
Suppose 75*t - 59013 = 66*t. Is t a composite number?
True
Let g(q) = -18*q**3 - 40*q**2 - 9*q - 55. Is g(-16) a composite number?
False
Suppose 158*u = 49403650 - 18424116. Is u composite?
False
Let r = 10722 + -11401. Suppose 4*y - 6*y + 2316 = 0. Let w = r + y. Is w prime?
True
Is (-3 - 1) + -4 - (1 + 5 + -169695) composite?
False
Suppose -4*c + 105927 = 13*c. Suppose -87*z + c = -84*z. Is z a composite number?
True
Let y = 15146 - 12415. Is y a composite number?
False
Let s(p) = -p**2 + 16*p - 55. Let f be s(5). Suppose 3*r - 9608 = 2*g - g, -5*g + 5 = f. Is r a composite number?
False
Let l = 3902 + -2355. Suppose 5570 = 15*s - 2335. Suppose 5*h + 5*k - 2093 = s, -2*k - l = -3*h. Is h a prime number?
False
Let k = 3461 - 9197. Let r = 11641 + k. Is r a prime number?
False
Let v be (-2)/(-6) - (-21230)/(-6). Let f = v + 5256. Let s = -1045 + f. Is s a composite number?
False
Let b(j) be the second derivative of j**4/12 + 3*j**3 + 7*j**2 + 41*j. Let a be b(-18). Is (-4)/a + (-15605)/(-7) prime?
False
Let r(p) = p**3 + 2*p**2 - 4*p + 1. Let q be r(-3). Suppose -q*o = -9*o + 13165. Is o composite?
False
Suppose 0 = n + 1 - 3. Let p(z) = 3*z**2 + 34*z + 72. Let k be p(-3). Is (-11)/(-6)*k*(n - 48) a prime number?
False
Let v = -28 + 54. Suppose -2*f - 2*a = -6*a - v, 4*f = -2*a + 42. Is (2/f)/(-1) + (-21067)/(-11) prime?
False
Let l(v) = 2*v - 16. Let y be l(15). Suppose 0 = 12*k - y*k. Suppose 0 = -5*f - m + 219 - 46, k = 5*f + 4*m - 182. Is f a prime number?
False
Let s = 35 + -40. Let i be 115/46*(-1284)/s. Let c = 1229 - i. Is c prime?
True
Let s(t) = -620*t**3 + 9. Is s(-2) prime?
True
Suppose 9*z = 8*z + 3. Suppose 0 = -2*b + z*h + 69, -b - 4*b + 162 = -4*h. Is 2022/b*(6 + -1) composite?
False
Let n(j) = j**3 + 8*j**2 - 12*j - 19. Let g be n(-9). Suppose -g*q + 14*q - 4458 = 0. Is q prime?
True
Let p(t) = -t**3 + 65*t**2 - 29*t - 553. Is p(46) a prime number?
True
Let u(v) = v**2 + 2*v**2 - 102*v**3 - 8*v - 3 - 5*v**2 + 2*v - 124*v**3. Is u(-4) composite?
True
Let f(j) = 26*j**3 + 155*j**2 - 94*j - 18. Is f(23) a prime number?
True
Suppose -311*w + 312*w = 10368. Let l = -7205 + w. Is l a prime number?
True
Let f = 697203 - 488326. Is f prime?
True
Suppose v + v - 5*t - 20 = 0, 4*v = 2*t + 8. Suppose -6051 = -4*f - p, -3